 2269
Suppose -8176 = 3*w + 12*j - 14*j, 4*w + 10900 = 3*j. List the prime factors of 12/22 + 31/(w/(-102912)).
2, 3, 5, 13
Let z(k) = 969*k + 12621. List the prime factors of z(34).
3, 61, 83
Let b = -436 - -7914. List the prime factors of b.
2, 3739
Suppose 20*a - 72 = -172. List the prime factors of (-3412)/(-12) + ((-15)/(-9))/a.
2, 71
What are the prime factors of (60311 - 90) + (-42)/(-3)?
5, 7, 1721
Let a = -236 - -241. Suppose f - 337 = -3*t + 6*f, a*t - 565 = 5*f. What are the prime factors of t?
2, 3, 19
Let p(a) = 5*a + 5. Let i be p(-4). Let c be 1262/10 + 3/i + -1. Let y = -67 + c. What are the prime factors of y?
2, 29
Suppose 0 = 5*h - 20, 32 = 4*s + s - 2*h. Let j(z) = -z**3 - 14*z**2 - 52*z - 17. Let a be j(-7). Suppose s = i - a. List the prime factors of i.
2, 3
What are the prime factors of (6 - (-70)/7)/(-1 - 5270/(-5266))?
2, 2633
Suppose -4*t - 14 = y, -1 = 15*y - 11*y + 5*t. Suppose 3*m - 3*b = 2946, y*b = 10*b + 8. What are the prime factors of m?
2, 5, 7
Suppose -25*t + 29067 + 497858 = 0. List the prime factors of t.
7, 3011
Let d = 211 + -205. Suppose h + 5*w = 272, -3*w = -d - 0. What are the prime factors of h?
2, 131
Let t be 635/50 + 15/50. Let m(z) = -z**3 + 19*z**2 - 26*z + 3. What are the prime factors of m(t)?
7, 97
Let d(o) = 11*o**3 + 2*o**2 + 6*o + 6. Let h(l) = l**3 - l**2 - l - 1. Let c(k) = -d(k) - h(k). List the prime factors of c(-2).
97
Let x(l) = -825*l + 853. What are the prime factors of x(-6)?
7, 829
Let d be 177*20/12 + 6. Suppose -d*h + 305*h = 608. List the prime factors of h.
2, 19
Let t = -1171 + 2201. Suppose 2*g - 7*g = -3*z + t, 5*g = z - 330. What are the prime factors of z?
2, 5, 7
Let k = 36 - 12. Suppose 90*q - 94*q = k. List the prime factors of ((-9)/(-6) + q/2)*-74.
3, 37
Suppose -t + 6769 = 2*s, 5*t + 4*s - 25237 = 8626. What are the prime factors of t?
5, 271
Let w(h) = 3*h**2 + 7*h + 8. Let c be w(-1). List the prime factors of -3 + c - (3 + -209).
3, 23
Let r(n) = 3*n - 19. Let s be r(7). Suppose 2*z + z - 48 = 3*p, -s*z + 27 = 3*p. Suppose 11*f - z*f + 196 = 0. What are the prime factors of f?
7
Suppose -7*q - 907 = 5813. List the prime factors of ((-108)/10)/((-8)/(q/(-18))).
2, 3
Suppose -3*w = 3*p - 6, 4*p + 2*w = -0*w + 14. Suppose p*i = 6*v - 2*v - 1267, -4*i - 638 = -2*v. What are the prime factors of v?
313
What are the prime factors of -2*(-3 - (13446/6 + 3))?
2, 3, 7, 107
Let w(x) = -x - 4. Let c be w(0). Let i(l) = 0 + 2*l - 5*l + 0*l - 7. What are the prime factors of i(c)?
5
Suppose 0 = 29*s - 48*s + 74480. What are the prime factors of s?
2, 5, 7
Let n(j) = -2*j**3 - 15*j**2 - 41*j + 2. Let c = -483 - -478. List the prime factors of n(c).
2, 41
Let y = -4080 - -11016. List the prime factors of y.
2, 3, 17
Suppose 5*l + a - 125 = -731, -2*l - 228 = 4*a. Let y = 357 + l. Suppose -y = -42*i + 37*i. List the prime factors of i.
47
Suppose -2*m = -2*f + 61084, 61084 = -2*f + 4*f + 4*m. List the prime factors of f.
2, 15271
Let x be (4 - 0)/((-78)/(-110409)). Suppose 156 - 1290 = -r + 2*k, 5*r = 2*k + x. List the prime factors of r.
2, 283
Let t = -5448 + 13446. List the prime factors of t.
2, 3, 31, 43
Suppose -265*a + 1497407 = -5272639 - 2666604. What are the prime factors of a?
2, 3, 5, 1187
Let q = 12522 + 2340. List the prime factors of q.
2, 3, 2477
Let f(v) = v**3 - 6*v**2 + 10*v - 6. Let a be f(5). Suppose 17*r + 380 = a*r. Let t = 329 - r. What are the prime factors of t?
139
Let r = 16931 - 7229. What are the prime factors of r?
2, 3, 7, 11
Let p be (3/6)/(-4 - (-145)/36). Suppose p*z = 7*z + 5181. What are the prime factors of z?
3, 157
Let o = -154 - -21. Let i = 106 - o. What are the prime factors of i?
239
Let b(n) = 7*n**2 + 3*n. Let r be b(1). Suppose 0 = -7*h + r*h - 1314. What are the prime factors of h?
2, 3, 73
Suppose -n + 7 = -4*p + 3*p, -5*n + 31 = -p. Suppose 0 = -10*y + 4*y - n. List the prime factors of (-34 + 6/((-2)/y))*-4.
2, 31
Let r(o) = -4*o - 36. Let h be 3724/(-420) + (-2)/15. Let p be r(h). Suppose 0 = -4*n - p*n + 884. What are the prime factors of n?
13, 17
Let t(l) = -65*l**3 + 49*l**2 - 24*l - 65. What are the prime factors of t(-7)?
24799
Let g be 459886/13 + 20/(-1950)*-15. Suppose -30*v + 10344 = -g. What are the prime factors of v?
2, 3, 127
Let w = -6117 + 10774. List the prime factors of w.
4657
Let g = 62 - 38. Suppose -4 = 3*w - 2*w, t - 24 = 4*w. Let y = g - t. What are the prime factors of y?
2
Let l(o) = 18*o**3 + 21*o**2 - 77*o - 43. List the prime factors of l(10).
3, 2143
Suppose -2*n + 90 = -4*i, 94 = 2*n - 0*n - 3*i. Suppose 0 = -2*m - k + 17, n - 6 = 5*m + k. List the prime factors of m.
2, 5
Suppose 4*g = 5*p + 56882, 5*p - 56902 = -3*g - g. List the prime factors of g.
3, 11, 431
Suppose -2*h + 5*k = 2*k - 13, 3*k = 3*h - 15. Let p(t) = -9*t**2 - t**3 + 2*t - 3*t + 13 + 2*t**h. List the prime factors of p(-8).
5, 17
Let k(u) = 21*u**2 + 116*u + 103. What are the prime factors of k(-27)?
2, 5, 307
Let s = 450 + 196. Suppose -3*v + 5*v - s = 0. What are the prime factors of v?
17, 19
Let f(v) = -v**3 + 35*v + 44. List the prime factors of f(-13).
2, 19, 47
Suppose 4*r - 1214 = 2*j + 5*r, 5*j = 2*r - 3044. Let v = j - -1194. What are the prime factors of v?
2, 293
Suppose 2*m = -316 - 588. What are the prime factors of 2/(2 + m/228)?
2, 3, 19
Let s = 303 + -299. Suppose 0 = 5*d - 22 + 2. What are the prime factors of s*(-30)/d*-2?
2, 3, 5
Let a be (0 + -1 - -3) + (-3 - -2). Let u be a*(-4 - -8 - -37). Suppose -t + d + 30 = 0, 2*t - 16 = -d + u. What are the prime factors of t?
29
Suppose a - 6397 = -f, -40*f = -3*a - 38*f + 19166. What are the prime factors of a?
2, 17, 47
Suppose -5*t + 10 = 0, 3*t = -10*g + 7*g - 12. Let m be (3/(-2))/((-3)/690*-5). Let i = g - m. List the prime factors of i.
3, 7
List the prime factors of ((-6 + 5)*(-1)/(-2) + -2)*-1372.
2, 5, 7
Let l(h) = h**3 + h**2 + 13*h + 34. Let y be l(0). Suppose 0 = 14*o + y*o - 48000. What are the prime factors of o?
2, 5
Let b(p) = -p**3 - 6*p**2 - 11*p - 5. Let w be b(-5). Let v(x) = x**3 - 23*x**2 - 36*x + 43. List the prime factors of v(w).
3, 131
Let r = 12 - 6. Suppose 39 = r*o - 39. Suppose -18*d = -o*d - 465. List the prime factors of d.
3, 31
Let f(k) = -329*k + 11960. List the prime factors of f(-166).
2, 33287
Suppose -4*p = 5*n - 2*n - 1076, 1077 = 3*n + 3*p. Suppose 80 = 5*i - n. List the prime factors of i*1 + (19 - 15).
2, 23
Let u(q) = -17*q**3 + 14*q**2 - 3*q - 12. Let h(s) = 13*s**3 - 13*s**2 + 2*s + 11. Let n(k) = -4*h(k) - 3*u(k). List the prime factors of n(4).
2, 23
Let j(m) = 19*m - 148. Let t be j(8). Let o = -47 - -101. Suppose -t*b - 2 = -o. What are the prime factors of b?
13
Suppose -3*u + 57504 = -u + 4*o, o - 86291 = -3*u. What are the prime factors of u?
2, 19, 757
Suppose 2*a - 22 = -4*q, 6*q - 2*a - 26 = 2*q. Let j be (-1 - (-8)/6)*18/q. List the prime factors of (-2)/((-15)/(-21) - j).
7
Let i = 10497 - 10402. List the prime factors of i.
5, 19
Let j(c) = 15*c**2 + 5*c - 14. Suppose -2*y + 11 = i - 4*y, -3 = -i - 2*y. List the prime factors of j(i).
2, 3, 7
Suppose 9*l - 127142 = -33187 + 84587. What are the prime factors of l?
2, 7, 13, 109
Let b = 600 + -1000. Let y = b - -731. What are the prime factors of y?
331
Suppose 0 = -16*b - 2*b + 792. Suppose -b*k = -41*k - 129. What are the prime factors of k?
43
Let t = -4445 - -27545. List the prime factors of t.
2, 3, 5, 7, 11
Let j be (1 + 0)*(68 - 7). Suppose 0 = j*u - 59*u - 8. Suppose -4*p - u*z = -p - 415, -3*p = 2*z - 425. What are the prime factors of p?
5, 29
Let h(d) = 30*d**3 + 7*d**2 + 55*d - 502. What are the prime factors of h(8)?
2, 7873
Suppose 0 = -2*s - 3*s + 4*y + 70, -4*s - y = -77. Suppose -a - 4*b = s, 2*a - b = 3*a + 3. List the prime factors of 8 - -2*(2 - 6/a).
2, 3
Let o = 1046 - 2151. Let w = 1865 + o. Suppose 5*z - w = 2*q, -4*q = -q. What are the prime factors of z?
2, 19
Let y be 17/(-51)*(-114)/(-2). Let a(l) = l - l**3 + 40 - 19*l**2 + 7 + l - 2. What are the prime factors of a(y)?
7
Suppose -35*a = -28*a - 2338. Suppose 286 = f + t, 4*f = -t + 825 + a. List the prime factors of f.
3, 97
List the prime factors of 9633 - ((-16)/1)/(4*(-4)/8).
5, 7, 11
Let w(h) = -62*h**3 - 11*h - 2. Let r be w(-4). Suppose 34*i - 12582 = r. What are th